. Let z(k) = g*y(k) + 7*w(k). Calculate z(-3).
-4
Let c(m) be the second derivative of 7*m**3/6 - m**2/2 + 4*m. Determine c(2).
13
Let k = -5 + 8. Let p(m) = 1 - 2*m + 7 + k*m. Calculate p(0).
8
Let t(c) = c**2 + c. Let y(s) = -s**2 + 3*s - 3. Let a(x) = 2*t(x) + y(x). Determine a(-5).
-3
Let n be ((-6)/(-18))/(2/18). Let h(j) = 2*j - 6*j + 2*j - j**n + j**2 + 1. Suppose -1 - 2 = -3*t. Calculate h(t).
-1
Let o(i) be the third derivative of -i**4/12 + 4*i**3/3 + 3*i**2. Determine o(8).
-8
Let o = 0 - -1. Let u(i) = 6*i**3 + i**2 + i - 1. Calculate u(o).
7
Let u be 8/(-10)*(-11 + 6). Let n(q) = q + 3. Let m(o) = -o - 2. Let w(a) = 7*m(a) + 6*n(a). What is w(u)?
0
Suppose 0*w + 2 = -w. Let o(r) = r**3 + 4*r**2 - 2. Give o(w).
6
Let v(p) = -6 + 0*p + p + 0*p + 0*p. Let r = -12 + 17. Give v(r).
-1
Let z(m) = -6*m**2 - 12 + 6*m**3 + 13 + 4*m**2. Let o be (-21)/(-18) - 2/12. Calculate z(o).
5
Suppose 0*k - 4*k = 0. Suppose 1 + k = a - u, 0 = 3*u - 6. Let i(h) = 1 + 2*h**3 + 5*h - a*h**2 - 3*h**3 - 7 + 7*h**2. Determine i(5).
-6
Let c(n) = n - 13. Let t be c(13). Let l(v) be the third derivative of v**6/120 - v**4/24 + 2*v**3/3 - 2*v**2. What is l(t)?
4
Let z(n) = 3*n**2 - 2*n - 2. Let j be z(2). Let l(c) = j*c**2 - 3*c + 111 - 109 - c**3 - c. Determine l(5).
7
Let i = -14 + 18. Let x(o) = -o**2 + 4*o + 4. Determine x(i).
4
Let n be (-98)/28*2/(-14). Let t(u) be the first derivative of 4 + n*u**2 - 4*u. Calculate t(4).
0
Let y(l) = -l. Let b(q) = q. Let n be b(-1). Let u(s) = -s**2 + 5*s + 1. Let w(d) = n*u(d) - 5*y(d). Give w(0).
-1
Let x(n) = -n**3 - 9*n**2 - 15*n - 6. Let s be x(-6). Let m = -23 - s. Let q(v) = 0 + 1 - 3*v**2 - 2. Determine q(m).
-4
Let n(c) = -c**2 + 5*c + 3. Let g be n(5). Let s(y) = -3*y**2 + 2*y + 1. Calculate s(g).
-20
Let z(d) = d - 3*d + d**2 + 3 + 0*d - 3*d. Determine z(5).
3
Let x(n) be the second derivative of -n**5/20 + n**4/12 + n**3/6 - n**2/2 - 2*n. What is x(0)?
-1
Let o(x) = x**2 + 8*x + 8. Suppose 5*w + 24 = -3*h - 18, 4 = 2*w - 4*h. Determine o(w).
-4
Let d be ((-2 - -3)/(-1))/(-1). Let t = d - 0. Let m(q) = 0 + 0*q + 3*q + t + 2*q**2. Give m(-2).
3
Let f(r) = 3*r - 3. Let v(p) = -5*p - 3. Let b(j) = -14*j - 8. Let m(c) = -4*b(c) + 11*v(c). Let g(y) = -f(y) + 2*m(y). Calculate g(4).
-3
Suppose -z + 7 = 2*z + k, 5*k = 5*z - 5. Suppose -z*q + 1 = -t, 1 - 6 = q + 5*t. Let n(l) = l**3 - l**2 - l - 5. Calculate n(q).
-5
Let o(u) be the third derivative of -1/6*u**3 + 0 + 0*u - 2*u**2 + 1/12*u**4. Let v be (-5 - -2) + 0 + 0. What is o(v)?
-7
Let v(f) be the first derivative of -f**2 - 9*f - 6. Determine v(-7).
5
Let b(k) = -k - 10. Let r(s) = 5. Let g(o) = -4*b(o) - 9*r(o). Let a(x) be the first derivative of x**2 - 3*x - 1. Let q(n) = -11*a(n) + 6*g(n). What is q(-2)?
-1
Let c = 308 + -306. Let m(o) = -1. Let i(s) = 2*s - 4. Let v(h) = -i(h) + 3*m(h). Determine v(c).
-3
Let f(a) be the first derivative of a**4/2 + 2*a**3/3 - 3. Let i(s) = s + 1 + 3*s - 3 + 3*s**2 - s**3. Let v be i(4). What is f(v)?
-8
Let g(u) = 3*u**3 + 2*u - 10*u**3 - 3 + 7*u**3 + 2*u**2 - 2*u**3. What is g(2)?
-7
Let z(p) be the first derivative of p**4/4 - p**3 + 2*p**2 - 2*p - 3. Let j(l) = l - 9. Let q be j(11). Determine z(q).
2
Let g(t) = 4*t - 16. Let i(k) = k - 4. Let d(z) = 6*g(z) - 22*i(z). Calculate d(6).
4
Suppose 2*x + 2*x - 8 = 0. Suppose x = k + 1. Let u(s) = 2 + 2 + 4*s**2 - 3 - 2*s. What is u(k)?
3
Let s(u) = -1 - 1 - 7*u + 8*u - 7*u**2 + 3. Let p be ((-4)/(-6))/(4/(-6)). Calculate s(p).
-7
Let q(a) = -a**2 - 8*a - 10. Let u be q(-7). Let v(j) be the first derivative of -j**2 + 4*j - 15. What is v(u)?
10
Let c(b) be the first derivative of 4 - 1/3*b**3 + 9/4*b**4 + 0*b + 0*b**2. Suppose 0 = 5*o + 1 - 6. Determine c(o).
8
Let m(c) = -c + 1. Let r(w) = 4*w + 6. Let o(q) = 4*m(q) - r(q). Let v(u) = u. Let i(k) = 2*o(k) + 14*v(k). What is i(-4)?
4
Let g(a) be the first derivative of a**2 - 2*a + 9. Let z be 2 + (-6)/(-4)*2. Suppose 3 = -4*k - z. Calculate g(k).
-6
Let z(v) = v**3 - 5*v**2 - 7*v. Let o be z(6). Let l = -4 - o. Suppose l = -3*h + h. Let q(u) = 9*u**2 + u + 1. Calculate q(h).
9
Let x = 4 + -7. Let k = -6 - -5. Let d = x - k. Let j(g) = -4*g**2 - 4*g - 3. Determine j(d).
-11
Suppose -2*a = 4*u + 2*a - 24, -5*u + 5*a - 20 = 0. Let x(d) be the third derivative of d**6/20 + d**5/60 - d**4/24 + d**3/6 + d**2. Give x(u).
7
Let q(w) = -w**3 + 13*w**2 + 17*w - 46. Let t be q(14). Let k(b) = -3*b - 3. What is k(t)?
9
Let j(d) = -4*d**3 - 11*d**2 + 3*d - 2. Let p(g) = 3*g**3 + 10*g**2 - 4*g + 3. Suppose -9 = 4*v + 11. Let h(a) = v*p(a) - 4*j(a). Determine h(5).
8
Let u(p) = p**2 - 2. Let c = 27 + -30. Determine u(c).
7
Let z(b) = b**3 + b**2 + b - 1. Let p(m) = -4*m**3 + 4*m**2 - 12*m + 8. Let g(h) = p(h) + 3*z(h). What is g(6)?
-13
Let g(p) = -p**2 - 4*p + 6. Let x be ((-18)/(-15))/(2/(-10)). Give g(x).
-6
Let v(c) = 7*c**3 - c**2 + c. Let l = 3 - 4. Let q = 0 - l. Calculate v(q).
7
Let w(z) = z. Let r be w(2). Let c be (0 - 2)/(4 - r). Let j(x) = 1 - 5*x**2 - 1. Calculate j(c).
-5
Let s(z) = -6*z**3 - z**2 + 2*z - 1. Let w be (6 - 3) + 2/(-1). Let y(v) = -v. Let c(j) = -5*j + 1. Let m(b) = -c(b) + 3*y(b). Let p be m(w). Calculate s(p).
-6
Let s(j) = -j**2. Let o(l) = l**3 + l**2 - 3*l. Let r(h) = -o(h) - 4*s(h). Let p(x) = x**2 - x + 2. Let q be p(2). Let k = q - 1. What is r(k)?
9
Let l(a) = a + 15. Let q be 0/(0/5 - -1). What is l(q)?
15
Let q = 21 + -18. Suppose 4*j - q*j = 0. Let t(r) = -r - 17. Calculate t(j).
-17
Let h(d) = -d**2 + 2. Let q be -3*(40/(-12))/(-5). Calculate h(q).
-2
Let n(l) = -2*l**2 + 5*l + 9. Let r(v) = v - 1. Let m(j) = n(j) - 4*r(j). Let w(k) = -k**2 + 7. Let g(t) = -3*m(t) + 5*w(t). What is g(4)?
0
Let n(k) = 2*k**2 - 1. Let u be n(1). Let c(o) = -2*o + 6*o + 0*o - u - 5*o. Give c(-3).
2
Let y(i) be the first derivative of 0*i**4 + i**3 + 0*i**2 - 1/72*i**6 + 0*i - 1/120*i**5 + 1. Let p(f) be the third derivative of y(f). Give p(-1).
-4
Let w(f) = f**3 + 7*f**2 + 4*f - 13. Let q be w(-6). Let p(l) = -7*l**3 + l**2 + 2*l + 1. Calculate p(q).
7
Let d be 0/(0 - -1) + 8 + -9. Let r(i) = i - 1. Let w(v) = -4*v + 3. Let c(z) = 7*r(z) + 2*w(z). Calculate c(d).
0
Let l(f) be the third derivative of -f**5/120 + f**4/8 - 2*f**3/3 + 4*f**2. Let r(i) be the first derivative of l(i). What is r(3)?
0
Let x be ((-48)/(-21) - -2)*7. Suppose x = -8*d + 3*d. Let b(t) = -t**2 - 8*t - 8. Calculate b(d).
4
Let x(j) be the third derivative of j**5/60 + j**4/24 + j**3/3 - 6*j**2. What is x(0)?
2
Let d be (1 + (-2)/(-3))*3. Suppose 0 = d*y + 29 + 11. Let o = -6 - y. Let n(l) = l**2 - 2*l - 2. Determine n(o).
-2
Let a(u) = 2. Let f(w) = -w + 6. Suppose 2*n = n - 7. Let v(s) = n*a(s) + 2*f(s). Determine v(-5).
8
Let u(v) be the first derivative of v**3/3 + v**2 - 2*v + 49. What is u(-3)?
1
Let j(b) = -2*b + 11. Let t be j(5). Let i(f) = 3*f + t - f - 4*f. Calculate i(2).
-3
Let s(k) = -k**2 - k + 4. Suppose 3*g + 4 = -5. Calculate s(g).
-2
Let c(q) be the first derivative of -q**2/2 + 14*q + 11. Determine c(6).
8
Let v(o) = -o**3 - 5*o**2 - 4*o - 7. Let h(x) = -x - 20. Let n be h(-15). Determine v(n).
13
Let k(x) = 14*x**3 + 9*x**2 - 2*x + 17. Let z(o) = -5*o**3 - 3*o**2 + o - 6. Let s(a) = -6*k(a) - 17*z(a). Suppose 3*d - 2 = -2*j, -j + d = 2 - 8. Give s(j).
-4
Let s(t) be the third derivative of t**3 - 1/60*t**5 + 0*t - t**2 + 1/8*t**4 + 0. What is s(5)?
-4
Let f(d) be the second derivative of -1/2*d**2 + 0*d**3 + 1/6*d**4 + 0 - 3*d. Suppose -5*a - 4*y - 15 = -3*y, 0 = 4*y + 20. Calculate f(a).
7
Let k(l) be the third derivative of -l**5/60 - 7*l**4/24 + 2*l**3/3 - l**2. Let a be k(-7). Let y(r) = 4*r - r**3 + 2 - a*r**2 + r**2 + r**2. Calculate y(-3).
-1
Let c(g) be the first derivative of -g**2/2 - 5. Let l(h) = 5*h + 3. Let m(t) = 6*c(t) + l(t). What is m(5)?
-2
Let i = 5 + -2. Let m(d) = 3 - 4*d - d + d + 2*d - 5*d**2 - d**i. What is m(-3)?
-9
Let q(i) = 7*i. Suppose 7*m + 90 = 12*m. Suppose 5*j = -3*l + m, 0 = -4*l - 2*j - 3*j + 19. Determine q(l).
7
Let p(w) = w**3 - 3*w**2 - 2. Let i be (-14)/(-8) + 2/(4 + 4). Calculate p(i).
-6
Let a(z) = -3*z - 1 + 0 + 2*z - 3*z**3. Suppose 0*r - 5*r = -20. Suppose 5*b = r*y + 7, 2*y + 5 = -4*b - 5. What is a(b)?
3
Let m(u) be the third derivative of -u**4/24 + u**3/6 - u**2. Let